) = -p(z) - 6*q(z). Give b(-2).
2
Let y be -2*(-4)/(-8) - 0. Let g be y + 1 - (-1 - 1). Let n(r) = r**g + 35*r - 35*r. Determine n(-1).
1
Suppose 49*j - 11 = -r + 53*j, 4*j + 16 = 0. Let n(d) = d**2 - 4*d + 1. What is n(r)?
46
Suppose 0 = -5*u + 2*i - 7*i + 135, -2*u + 58 = 4*i. Let a = u + -18. Let x(f) = -f**3 + 7*f**2 - f. What is x(a)?
-7
Let g(a) = -58*a + 59*a - 5 + 19. What is g(-7)?
7
Let k(p) = -p**2 + 6*p - 3. Suppose -5*i + 28 = -67. Let m(u) = -16*u**3 - 15*u + 16. Let q be m(1). Let d = q + i. What is k(d)?
5
Let g(f) = 13*f**3 - f**2 - f. Suppose -5*d - 13 = -2*x, -4*d - 15 = 4*x - x. Give g(x).
-13
Let r(t) be the third derivative of t**5/60 + t**4/8 + 2*t**3/3 - 6*t**2 - 17*t. What is r(0)?
4
Let b = -2794 - -2791. Let f(t) = 11*t. Let m(y) = 23*y - 1. Let n(l) = 9*f(l) - 4*m(l). What is n(b)?
-17
Let t(v) = 5*v - 3 - 3 + 12 - 2*v. Let u be t(-4). Let k(p) = p**2 + 8*p - 3. What is k(u)?
-15
Let b(s) = -8*s + 1. Let h(p) = 9*p - 2. Let g(t) = 7*b(t) + 6*h(t). Let w = 1103 - 1109. Determine g(w).
7
Let w = 9 - 4. Suppose 4*i - 20 = 0, -3*i + 25 = 5*d - 0*d. Let m(n) = -5 - 12*n**d + 4 + 13*n**2 - 4*n. Calculate m(w).
4
Suppose 10 - 6 = 4*t. Let j(f) = t + 0*f + 5*f + 4*f. Let s be ((-3)/9)/((-2)/(-6)). Determine j(s).
-8
Let u(p) = -2*p**2 + 5. Suppose -2*l + 11*d - 15*d + 10 = 0, -2 = l - 5*d. Determine u(l).
-13
Let g(m) = -m**2 + 5*m + 3. Let k = 762 + -757. Calculate g(k).
3
Let c(k) = -9 + 13 + 4*k + k - 6*k. Calculate c(10).
-6
Let y = 0 + 2. Let d(t) = t - y - 2*t + 1 + 0. Let r(i) = 2*i**3 - 10*i**2 + 16*i - 76. Let j be r(5). What is d(j)?
-5
Let i(b) be the third derivative of b**6/120 - 7*b**5/60 + 5*b**4/24 + b**3/2 - 22*b**2 - b. Calculate i(6).
-3
Suppose -74*h + 59*h = 30. Let z(j) = -2*j**2 - 5*j - 7. Determine z(h).
-5
Let b(y) = -80*y. Let t(i) = -9*i. Let o(d) = 4*b(d) - 35*t(d). Let x(f) = -f**3 - 6*f**2 - f - 4. Let z be x(-6). Suppose z*k - 18 = -16. Determine o(k).
-5
Let f(h) = 3*h**2 + 20*h - 8. Let t(b) = -b**2 - 7*b + 2. Let g(y) = 3*f(y) + 8*t(y). Give g(-7).
13
Let l(a) = -a + 1. Suppose j = 2*j. Suppose 4*q + 8 = 2*u, 3*u - q - 6 - 6 = j. Determine l(u).
-3
Let p = -217 + 214. Let m(w) = w**3 + w**2 + w - 1. Determine m(p).
-22
Suppose 7*b - 134 + 22 = 0. Let m(u) = -b*u - 16*u + 30*u - 2. Calculate m(2).
-6
Let k be (6/4)/(8/64). Let d(o) = -3*o + 5*o + 6 + k*o - 5. Suppose 0 - 1 = -h. Determine d(h).
15
Let l(g) = -g**3 + 7*g**2 + g - 3. Let n(b) = b**3 - 26*b**2 + 49*b**2 + 8*b - 31*b**2. Let k be n(7). Give l(k).
4
Let i = 2055/2 + -1027. Let k(u) be the second derivative of 14*u - 1/2*u**4 + 0 + i*u**2 + 1/20*u**5 - 1/3*u**3. Determine k(6).
-11
Let j be (5 - -1)*6/18. Let y(l) = l**j - 5 - 78*l + 78*l. Give y(0).
-5
Let a(k) = k**3 - 4*k**2 + 3*k - 6. Suppose -3*u + 4 = -5. Let l be 1 + 6 - (u + -3). Suppose -5*n - 5*s = -38 - l, 4*s - 20 = 0. Give a(n).
6
Let j(t) = -7*t - 2. Suppose d + 4*d + 24 = -4*g, 12 = 4*g - 4*d. Calculate j(g).
5
Let f(w) = 2*w**2 - w - 7. Let t(s) = -4*s**2 + 4*s + 19 + 22 - 3*s - 28. Let p(v) = 5*f(v) + 3*t(v). Determine p(-4).
-20
Let t(q) be the second derivative of q**3/6 - q**2 - 9679*q. Suppose -4*l - 2*r = 17 + 9, 3*r = 2*l + 1. Calculate t(l).
-7
Let o(b) = -2*b**3 - 20*b**2 - 14*b + 40. Let l be o(-9). Let c(w) = -3*w + 9. Determine c(l).
-3
Let u(f) = -f + 11. Let t(r) = 2*r - 12. Let z(c) = 4*t(c) + 5*u(c). Suppose -5*x - 13 - 7 = 0. Let q(s) = 2*s + 6. Let a(m) = x*q(m) + 3*z(m). Give a(5).
2
Let s(o) = -o**2 - o + 1. Let r(y) = -5*y**2 - 9*y. Let l(v) = r(v) - 4*s(v). Let x(i) = 5*i - 1. Let g be x(1). Let b be (g/(-5))/(10/75). Calculate l(b).
-10
Let w be 2*-1 - (-14)/2. Suppose -3*s + 3 = -5*s + w*k, s - 4*k = -6. Let d(a) = 2*a - 36 + 53 - 11 - 14. Give d(s).
4
Let n = -7 - -22. Let y = n - 12. Let a(l) = -2*l**2 + 6*l + 6. Let t(f) = f**2 - 3*f - 3. Let k(v) = -2*a(v) - 5*t(v). What is k(y)?
3
Let k(v) = -12*v**2. Let r be 34/(-255) - (-47)/15. Let s be (2/(-6)*r)/(-1). Determine k(s).
-12
Let d(f) = 35*f + 1. Let c be (3/21)/(-1 - (-75)/70). Calculate d(c).
71
Let g(x) = -x**2 - 6*x + 5. Suppose -3*k + 5*k - 2*f = -12, 5*k = -f - 30. Give g(k).
5
Suppose -b + 2 = -5*g, -5*g + 3 = -3*b - 1. Let m = 7 + g. Let i(q) = -q**2 + 6*q + 7. Calculate i(m).
7
Let v(g) = 7*g**2 + 1 + 5*g - 65*g**2 + 57*g**2 + 2*g**2. Determine v(-5).
1
Let l(o) = -1274*o + 4*o**2 + 3*o**3 - 1 - 4*o**3 + 1279*o. Suppose 20 = 5*m - 4*k, 5*m - 6*k = -k + 20. Determine l(m).
19
Let c(v) = -28*v**2 + 11*v - 13. Let i(w) = -14*w**2 + 5*w - 6. Let z(b) = -6*c(b) + 13*i(b). Let p(n) = -n**2. Let s(h) = p(h) + z(h). Determine s(-1).
-14
Let a be (-4)/(-14) + 16/(-7). Let q(o) be the third derivative of 1/3*o**3 + 0*o + 1/6*o**4 + 0 - 7*o**2. Determine q(a).
-6
Let t(m) be the second derivative of -m**5/20 + m**4/2 - m**3 + m**2/2 + 5*m + 12. Give t(4).
9
Let q(r) = -28*r + 7. Suppose -20*u + 25 = -15*u. Let m(k) = -14*k + 3. Let x(t) = u*m(t) - 2*q(t). Suppose -j = -0*j + 3*o + 2, -5*o = j + 4. What is x(j)?
-13
Let k = 1327 + -1331. Let m(s) = 2*s**3 + 8*s**2 + s. Give m(k).
-4
Let c(j) = j - 4. Let b be c(6). Let u(m) be the first derivative of 3*m**2/2 + 2*m - 543. Give u(b).
8
Let g(y) = 11693*y - 11693*y - 16*y**2 - 1. What is g(1)?
-17
Let u(i) = i + 5. Let x be 1 - (-20)/((-6)/3). Determine u(x).
-4
Let q(j) be the second derivative of j**5/20 - j**4/12 - j**3/2 + j**2 + 76*j. Determine q(3).
11
Let g(t) = 4*t - 19. Let x(u) = u**3 + 22*u**2 + 55*u - 25. Let v be x(-19). Calculate g(v).
33
Let g(v) be the third derivative of v**4/6 - 7*v**2 + 10*v. What is g(1)?
4
Let s(m) = m + 2. Let k be s(6). Let v = 13 - k. Let w be 1/v - (-21)/(-5). Let g(a) = -a**2 - 3*a + 3. What is g(w)?
-1
Let m(v) = v + 3. Let a(w) = w**3 - 16*w**2 - 35*w - 13. Let s be a(18). Calculate m(s).
8
Let g(b) = -b**2 - 8*b - 1. Suppose -5*a - 60 = 5*a. Give g(a).
11
Let k = -1 - -3. Suppose -4*x + 4*t = k - 30, -5*x + 2*t = -29. Suppose 5*v - w + 23 = v, -25 = 5*v - x*w. Let f(u) = 2*u + 7. What is f(v)?
-5
Let m(f) = 9*f**3 + 12*f**2 - 2*f - 14. Let y(r) = -5*r**3 - 7*r**2 + r + 7. Let s(u) = -4*m(u) - 7*y(u). Determine s(0).
7
Let c(s) be the second derivative of -6*s + 2/3*s**3 + s**2 + 0. What is c(4)?
18
Let p(g) = -5*g**2 - 3*g - 4. Let f(u) = 2*u**2. Let c(n) = 2*f(n) + p(n). Calculate c(-7).
-32
Let w(l) = 5*l**2 - 6*l + 6. Let a(q) = -9*q**2 + 13*q - 13. Let v(y) = -6*a(y) - 11*w(y). Determine v(-13).
-1
Let b(w) be the first derivative of 4*w**3/3 + w**2 + w - 45. Determine b(-1).
3
Let n(k) = -14 - 8*k + 9 + 0*k + 10*k - 2*k**2. Calculate n(3).
-17
Let r be ((7 - 2) + -2)/(-2 - -1). Let m(a) = a**3 + 3*a**2 - 2*a - 2. Calculate m(r).
4
Let c(q) = -1 + 2 - 1 - 11*q**2. Suppose -6*s + 2*s = 0. Suppose s = -v + 1. Give c(v).
-11
Let x(b) = -b**3 + 8*b**2 + 9*b - 8. Suppose 168*w + 18 = 170*w. Calculate x(w).
-8
Let z(m) = -126*m**3 + 46*m**3 + 36*m**3 - 8 + 43*m**3 - 3*m - 8*m**2. What is z(-8)?
16
Let b(o) = -4*o**2 + 5*o - 4. Let c(n) = n**2. Let g(t) = -b(t) - 3*c(t). Let q be 56/9 + (-12)/54. Determine g(q).
10
Let w(n) = -59*n - 644. Let m be w(-11). Let s(d) = -d**3 + 2*d**2 + 4*d - 5. Calculate s(m).
-60
Let j = -279 - -272. Let k be 1/(((-3)/(-3))/3). Let r(p) = -k + 3*p**2 + p**3 + 2*p + 4*p**2 - 4*p. Calculate r(j).
11
Let s(h) = -h**3 - 2*h**2 + 2*h + 2. Let y(w) = w**3 - 7*w**2 - 20*w + 153. Let j be y(6). Determine s(j).
5
Let p(l) = -4*l - 53. Let i be (198/(-77))/(9/84*2). Determine p(i).
-5
Suppose u = -0*u - 2*l + 5, 8 = 2*u + 2*l. Let a(s) = -3*s**2. Calculate a(u).
-27
Let q(r) = -r**2 + r + 5. Suppose 4 = 5*w - 1. Let c be w - 0 - (4 + -3). Suppose 0 = 5*z + s - 3, c = -2*z + 2*s + 3 - 9. Calculate q(z).
5
Let t be -3 + -1 - (-20)/2. Let b(i) = -i + 7*i - i - 5 - t*i. Give b(-4).
-1
Let u(s) = -7*s**2 + 29*s - 6. Let h(i) = -6*i**2 + 25*i - 5. Let l(p) = -6*h(p) + 5*u(p). Calculate l(3).
-6
Let a(l) = 1 + 4*l + 177*l**2 - 179*l**2 - 5*l**3 - 6*l + 4*l. Calculate a(2).
-43
Let c(k) be the third derivative of -1/360*k**6 + 0*k - 1/24*k**5 + k**2 + 5/6*k**3 + 1/12*k**4 + 0. Let h(g) be the first derivative of c(g). Calculate h(-6).
-4
Let n(s) = 2*s + 1. Let d be ((-12)/30)/(-1) + (-108)/20. Determine n(d).
-9
Let i(a) = a**3 + 2*a**2 + a + 1. Let y be i(-2). Let b(q) = 1764 -